{"id":1376,"date":"2021-04-25T21:05:25","date_gmt":"2021-04-25T19:05:25","guid":{"rendered":"https:\/\/europedirectmaramures.cdimm.org\/?page_id=1376"},"modified":"2022-01-27T09:39:55","modified_gmt":"2022-01-27T07:39:55","slug":"activitati-curente","status":"publish","type":"page","link":"https:\/\/europedirectmaramures.cdimm.org\/?page_id=1376","title":{"rendered":"Activit\u0103\u021bi curente"},"content":{"rendered":"\t\t<div data-elementor-type=\"wp-page\" data-elementor-id=\"1376\" class=\"elementor elementor-1376\" data-elementor-post-type=\"page\">\n\t\t\t\t\t\t<section class=\"elementor-section elementor-top-section elementor-element elementor-element-8e11297 elementor-section-boxed elementor-section-height-default elementor-section-height-default\" data-id=\"8e11297\" data-element_type=\"section\" data-e-type=\"section\">\n\t\t\t\t\t\t<div class=\"elementor-container elementor-column-gap-default\">\n\t\t\t\t\t<div class=\"elementor-column elementor-col-100 elementor-top-column elementor-element elementor-element-54a4363\" data-id=\"54a4363\" data-element_type=\"column\" data-e-type=\"column\">\n\t\t\t<div class=\"elementor-widget-wrap elementor-element-populated\">\n\t\t\t\t\t\t<div class=\"elementor-element elementor-element-16bce79 elementor-widget elementor-widget-heading\" data-id=\"16bce79\" data-element_type=\"widget\" data-e-type=\"widget\" data-widget_type=\"heading.default\">\n\t\t\t\t<div class=\"elementor-widget-container\">\n\t\t\t\t\t<h2 class=\"elementor-heading-title elementor-size-default\">Activit\u0103\u021bi curente<\/h2>\t\t\t\t<\/div>\n\t\t\t\t<\/div>\n\t\t\t\t\t<\/div>\n\t\t<\/div>\n\t\t\t\t\t<\/div>\n\t\t<\/section>\n\t\t\t\t<section class=\"elementor-section elementor-top-section elementor-element elementor-element-8d5c891 elementor-section-boxed elementor-section-height-default elementor-section-height-default\" data-id=\"8d5c891\" data-element_type=\"section\" data-e-type=\"section\">\n\t\t\t\t\t\t<div class=\"elementor-container elementor-column-gap-default\">\n\t\t\t\t\t<div class=\"elementor-column elementor-col-66 elementor-top-column elementor-element elementor-element-92d37a2\" data-id=\"92d37a2\" data-element_type=\"column\" data-e-type=\"column\">\n\t\t\t<div class=\"elementor-widget-wrap elementor-element-populated\">\n\t\t\t\t\t\t<div class=\"elementor-element elementor-element-d5c25d6 elementor-widget elementor-widget-text-editor\" data-id=\"d5c25d6\" data-element_type=\"widget\" data-e-type=\"widget\" data-widget_type=\"text-editor.default\">\n\t\t\t\t<div class=\"elementor-widget-container\">\n\t\t\t\t\t\t\t\t\t<p>Perioada 2021-2025<\/p><p><strong>I. Sarcina nr. 1<\/strong>:<em> <strong>\u201dInformarea \u0219i implicarea cet\u0103\u021benilor\u201d<\/strong><\/em><\/p><ul><li><strong><em>Conecta\u021bi cu regiunile \u00eenfr\u0103\u021bite \/ Connected with our twin regions <\/em><\/strong>Contribu\u021bie periodic\u0103 la website-ul \u0219i pagina de FB a Centrului Europe Direct Maramure\u0219, prin inserarea unei rubrici dedicate cooper\u0103rii cu regiunile \u00eenfr\u0103\u021bite.<\/li><\/ul><p><strong>II. Sarcina nr. 4<\/strong>:<em> <strong>\u201dUE \u00een \u0219coli\u201d<\/strong><\/em><\/p><ul><li><strong><em>Promovarea tematicilor prioritare europene la nivelul regiunilor partenere <\/em><\/strong><em>&#8211; <\/em>Activitate integrat\u0103 ce se va derula la nivelul regiunilor \u00eenfr\u0103\u021bite prin re\u021beaua Centrelor Europe Direct, sub forma unei campanii inter-regionale, av\u00e2nd tematici axate pe priorit\u0103\u021bile anuale<\/li><\/ul><p><em>\u00a0<\/em><\/p><p><strong>Modalitatea de implementare: <\/strong>realizarea unei campanii interregionale \u00een mediul online \u00eentre \u0219colile din regiunile partenere, prin intermediul unei platforme de comunicare online (de tip Youtube etc.). Tinerii vor colabora pentru a se familiariza cu teme prioritare de interes european, vor face schimb de experien\u021b\u0103 \u00een aceste domenii de interes european, prin prisma experien\u021bei \u0219i proiectelor derulate la nivel local. Se vor utiliza modalit\u0103\u021bi de comunicare online, non-formale, bazate pe descrierea proiectelor \u0219i ac\u021biunilor derulate \u00een \u0219coli \u0219i a experien\u021belor personale, se va stimula storytelling-ul at\u00e2t prin testimoniale, c\u00e2t \u0219i prin imagini \u0219i materiale video realizate de elevii implica\u021bi, precum \u0219i schimburi de bune practici.<\/p><p>\u00cen fiecare an, se va alege o tematic\u0103 de lucru, \u00een func\u021bie de priorit\u0103\u021bile anuale stabilite la nivel de U.E., elevii implica\u021bi fiind invita\u021bi s\u0103 contribuie \u00eempreun\u0103 cu \u0219coala din care fac parte. \u00a0<\/p>\t\t\t\t\t\t\t\t<\/div>\n\t\t\t\t<\/div>\n\t\t\t\t\t<\/div>\n\t\t<\/div>\n\t\t\t\t<div class=\"elementor-column elementor-col-33 elementor-top-column elementor-element elementor-element-f09f7fd\" data-id=\"f09f7fd\" data-element_type=\"column\" data-e-type=\"column\">\n\t\t\t<div class=\"elementor-widget-wrap elementor-element-populated\">\n\t\t\t\t\t\t<div class=\"elementor-element elementor-element-87d0313 elementor-widget elementor-widget-image\" data-id=\"87d0313\" data-element_type=\"widget\" data-e-type=\"widget\" data-widget_type=\"image.default\">\n\t\t\t\t<div class=\"elementor-widget-container\">\n\t\t\t\t\t\t\t\t\t\t\t\t\t\t\t<img decoding=\"async\" src=\"https:\/\/europedirectmaramures.cdimm.org\/europedirectmm\/wp-content\/plugins\/elementor\/assets\/images\/placeholder.png\" title=\"\" alt=\"\" loading=\"lazy\" \/>\t\t\t\t\t\t\t\t\t\t\t\t\t\t\t<\/div>\n\t\t\t\t<\/div>\n\t\t\t\t\t<\/div>\n\t\t<\/div>\n\t\t\t\t\t<\/div>\n\t\t<\/section>\n\t\t\t\t<section class=\"elementor-section elementor-top-section elementor-element elementor-element-6192e0e5 elementor-section-boxed elementor-section-height-default elementor-section-height-default\" data-id=\"6192e0e5\" data-element_type=\"section\" data-e-type=\"section\">\n\t\t\t\t\t\t<div class=\"elementor-container elementor-column-gap-default\">\n\t\t\t\t\t<div class=\"elementor-column elementor-col-66 elementor-top-column elementor-element elementor-element-67bcca3\" data-id=\"67bcca3\" data-element_type=\"column\" data-e-type=\"column\">\n\t\t\t<div class=\"elementor-widget-wrap elementor-element-populated\">\n\t\t\t\t\t\t<div class=\"elementor-element elementor-element-77aa79b9 elementor-widget elementor-widget-text-editor\" data-id=\"77aa79b9\" data-element_type=\"widget\" data-e-type=\"widget\" data-widget_type=\"text-editor.default\">\n\t\t\t\t<div class=\"elementor-widget-container\">\n\t\t\t\t\t\t\t\t\t<p><strong>Activit\u0103\u021bi propuse pentru anul 2022<\/strong><\/p><ul><li><strong>Campania Interregional\u0103 \u201dUn viitor comun \u00een Europa\u201d \/ \u201dBuilding together our future\u201d<\/strong><\/li><\/ul><ol><li><strong><em>Portofoliu de mesaje privind viitorul UE \u201dViitorul Europei din perspectiva tinerilor\u201d<\/em> \/ Youth-Messages from the Future of Europe <\/strong>&#8211; culegere cu mesaje cu privire la a\u0219tept\u0103rile pe care le au de la viitorul UE, implicarea tinerilor \u00een proiectarea politicilor de tineret, ac\u021biuni prioritare pentru dezvoltarea lor personal\u0103, social\u0103 \u0219i profesional\u0103, m\u0103suri incluzive pentru tinerii care fac parte din grupuri vulnerabile \u0219i implicarea acestora s\u0103 devin\u0103 cet\u0103\u021beni activi etc.\u00a0<\/li><li><strong><em>Concurs \u201dRegiunea mea \u00een Europa\u201d<\/em> \/ My Region Stands Out in Europe <\/strong>&#8211; Fiecare partener va organiza o expozi\u021bie de colaje foto care s\u0103 promoveze regiunea din care fac parte, prin ilustrarea atrac\u021biilor ecologice din zon\u0103 \u0219i implicarea tinerilor \u00een comunitate.\u00a0<\/li><li><strong><em>Catalog de expresii utile \u201dE-Util pentru tineri\u201d\/ E-Usefull for Youth-useful guide expressions <\/em><\/strong>&#8211; catalog cu expresii uzuale pentru tineri, cu contribu\u021bia celor 3 parteneri \u0219i implicarea elevilor \u0219i \u0219colilor din cele 3 regiuni. Fiecare regiune va propune un portofoliu de expresii utile \u00een limba fiec\u0103rei regiuni participante, astfel ca tinerii s\u0103 poat\u0103 a interac\u021biona, dar \u0219i pentru a stimula schimburile lingvistice.\u00a0<\/li><\/ol><p>\u00a0<\/p><ul><li><strong>Atelier \u201dEUropa pentru TINEri\u201d \/ EUrope 4 YOUth &#8211; <\/strong>va reuni participan\u021bi la campania interregional\u0103 pentru a sintetiza rezultatele celor 3 ac\u021biuni din cadrul campaniei interregionale AS5, precum \u0219i pentru a face un bilan\u021b al Anului European al Tineretului 2022 (AET).\u00a0<\/li><\/ul>\t\t\t\t\t\t\t\t<\/div>\n\t\t\t\t<\/div>\n\t\t\t\t\t<\/div>\n\t\t<\/div>\n\t\t\t\t<div class=\"elementor-column elementor-col-33 elementor-top-column elementor-element elementor-element-31250dd2\" data-id=\"31250dd2\" data-element_type=\"column\" data-e-type=\"column\">\n\t\t\t<div class=\"elementor-widget-wrap elementor-element-populated\">\n\t\t\t\t\t\t<div class=\"elementor-element elementor-element-7c86de93 elementor-widget elementor-widget-image\" data-id=\"7c86de93\" data-element_type=\"widget\" data-e-type=\"widget\" data-widget_type=\"image.default\">\n\t\t\t\t<div class=\"elementor-widget-container\">\n\t\t\t\t\t\t\t\t\t\t\t\t\t\t\t<img decoding=\"async\" src=\"https:\/\/europedirectmaramures.cdimm.org\/europedirectmm\/wp-content\/plugins\/elementor\/assets\/images\/placeholder.png\" title=\"\" alt=\"\" loading=\"lazy\" \/>\t\t\t\t\t\t\t\t\t\t\t\t\t\t\t<\/div>\n\t\t\t\t<\/div>\n\t\t\t\t\t<\/div>\n\t\t<\/div>\n\t\t\t\t\t<\/div>\n\t\t<\/section>\n\t\t\t\t<section class=\"elementor-section elementor-top-section elementor-element elementor-element-f910832 elementor-section-boxed elementor-section-height-default elementor-section-height-default\" data-id=\"f910832\" data-element_type=\"section\" data-e-type=\"section\">\n\t\t\t\t\t\t<div class=\"elementor-container elementor-column-gap-default\">\n\t\t\t\t\t<div class=\"elementor-column elementor-col-66 elementor-top-column elementor-element elementor-element-5ea137d\" data-id=\"5ea137d\" data-element_type=\"column\" data-e-type=\"column\">\n\t\t\t<div class=\"elementor-widget-wrap elementor-element-populated\">\n\t\t\t\t\t\t<div class=\"elementor-element elementor-element-414dab5 elementor-widget elementor-widget-text-editor\" data-id=\"414dab5\" data-element_type=\"widget\" data-e-type=\"widget\" data-widget_type=\"text-editor.default\">\n\t\t\t\t<div class=\"elementor-widget-container\">\n\t\t\t\t\t\t\t\t\t<p><strong>Activitate propus\u0103 pentru 2021<\/strong><\/p><p><strong>Ce fac eu pentru regiunea mea verde ? \/ <\/strong><strong>How can I bring green in my region?<\/strong><\/p><p><strong>Sub-activit\u0103\u021bi<\/strong>:<\/p><ol><li><strong> Agenda verde<\/strong> \/ <strong>Story telling <\/strong>\u2013 o serie de testimoniale ale unor echipe de elevi \u0219i profesori cu privire la proiecte \u0219i ac\u021biuni \u201dverzi\u201d derulate de cel pu\u021bin 4 \u0219coli din fiecare regiune \u00eenfr\u0103\u021bit\u0103 cu Maramure\u0219ul.<\/li><\/ol><p>\u00centr-o prim\u0103 etap\u0103, elevii se vor \u00eenregistra\/ realiza materiale video prezent\u00e2nd proiectele \u0219i ac\u021biunile verzi derulate \u00een \u0219coli \u0219i experien\u021ba proprie specific\u0103 acestei teme, ulterior fiind realizat un <strong>tur virtual al experien\u021belor \u201dverzi\u201d.<\/strong><\/p><ol start=\"2\"><li><strong>Apropia\u021bi, respect\u00e2nd distan\u021barea\/Closer when distancing <\/strong>Fiecare \u0219coal\u0103 implicat\u0103 \u00een acest program, prin profesorii s\u0103i, vor descrie o metod\u0103 de \u00eenv\u0103\u021bare remote\/ de la distan\u021b\u0103 ce s-a dovedit eficace \u00een aceast\u0103 perioad\u0103 de distan\u021bare \u0219i care pe viitor poate fi util\u0103 \u0219i \u00een alte contexte. Prin aceast\u0103 activitate\u00a0 se va realiza un catalog de bune practici, testimoniale exemplificate prin poze sau \u00eenregistr\u0103ri ale activit\u0103\u021bilor desf\u0103\u0219urate cu elevii. Modalit\u0103\u021bile de lucru descrise\u00a0 vor fi utile pe viitor pentru platforma de lucru online la nivelul regiunilor ca \u0219i instrument de bun\u0103 practic\u0103 \u0219i schimb de experien\u021b\u0103, fiind pus la dispozi\u021bia tuturor \u0219colilor interesate din regiunile partenere.<\/li><li><strong> Galeria virtual\u0103\u00a0 a regiunii mele verzi<\/strong> \/ <strong>Virtual Galery of my green region <\/strong>\u2013 o expozi\u021bie foto sugestiv\u0103 ce spune povestea eforturilor f\u0103cute de elevi\/\u0219coal\u0103 pentru a aduce mai mult verde \u00een regiunea din care fac parte.<\/li><li><strong>Proiecte verzi inovative<\/strong> \/ <strong>Innovative green projects<\/strong> Concurs cel mai ingenios proiect din fiecare regiune, implementat de o \u0219coal\u0103 pentru a contribui la eforturile de a proteja mediul.<\/li><\/ol><p><strong>Eveniment: Atelier <em>Green CaMMp \/ Workshop<\/em><\/strong> <strong><em>Green CaMMp <\/em><\/strong>\u0219i premierea elevilor implica\u021bi \u00een activit\u0103\u021bile campaniei, din fiecare regiune fiind premia\u021bi c\u00e2te 3 elevi (?) pentru eforturile realizate.<\/p><p>Elevii al\u0103turi de un \u00eenso\u021bitor din fiecare regiune vor fi invita\u021bi la Green CaMMp, un atelier inovativ derulat online sau off line \u00een jude\u021bul nostru, unde se vor derula activit\u0103\u021bi educative menite s\u0103 promoveze m\u0103surile de protejare a mediului, de familiarizare cu resursele de energie regenerabil\u0103, etc.<\/p><p>Atelierul se va derula sub coordonarea unui facilitator, special cooptat pentru a coordona aceast\u0103 activitate. Se vor utiliza resursele educa\u021bionale ale Centrului SEED, se vor face vizite de studiu (virtuale sau la fa\u021ba locului, dup\u0103 caz) \u00een loca\u021bii exemplu pentru modul \u00een care s-a abordat problematica protec\u021biei mediului.<\/p><p>Elevii participan\u021bi vor realiza un mic testimonial \u00een care vor descrie experien\u021bele ce i-au marcat. Aceste materiale vor fi parte a Agendei verzi a \u00eentregii activit\u0103\u021bi, prezent\u00e2nd prin storytelling-ul realizat de copii, felul \u00een care au \u00een\u021beles \u0219i aplicat \u00een via\u021ba de zi cu zi m\u0103surile de protec\u021bia mediului.<\/p><p>Premierea, f\u0103cut\u0103 \u00een mod festiv online sau offline, \u00een cadrul atelierului, va contribui la responsabilizarea elevilor implica\u021bi, mai ales c\u0103 la acest eveniment sunt invita\u021bi s\u0103 ia parte \u0219i reprezentan\u021bii oficiali ai regiunilor \u00eenfr\u0103\u021bite din care provin elevii.\u00a0<\/p>\t\t\t\t\t\t\t\t<\/div>\n\t\t\t\t<\/div>\n\t\t\t\t\t<\/div>\n\t\t<\/div>\n\t\t\t\t<div class=\"elementor-column elementor-col-33 elementor-top-column elementor-element elementor-element-b7e5e22\" data-id=\"b7e5e22\" data-element_type=\"column\" data-e-type=\"column\">\n\t\t\t<div class=\"elementor-widget-wrap elementor-element-populated\">\n\t\t\t\t\t\t<div class=\"elementor-element elementor-element-5bc9c55 elementor-widget elementor-widget-image\" data-id=\"5bc9c55\" data-element_type=\"widget\" data-e-type=\"widget\" data-widget_type=\"image.default\">\n\t\t\t\t<div class=\"elementor-widget-container\">\n\t\t\t\t\t\t\t\t\t\t\t\t\t\t\t<img decoding=\"async\" src=\"https:\/\/europedirectmaramures.cdimm.org\/europedirectmm\/wp-content\/plugins\/elementor\/assets\/images\/placeholder.png\" title=\"\" alt=\"\" loading=\"lazy\" \/>\t\t\t\t\t\t\t\t\t\t\t\t\t\t\t<\/div>\n\t\t\t\t<\/div>\n\t\t\t\t\t<\/div>\n\t\t<\/div>\n\t\t\t\t\t<\/div>\n\t\t<\/section>\n\t\t\t\t<\/div>\n\t\t","protected":false},"excerpt":{"rendered":"<p>Activit\u0103\u021bi curente Perioada 2021-2025 I. Sarcina nr. 1: \u201dInformarea \u0219i implicarea cet\u0103\u021benilor\u201d Conecta\u021bi cu regiunile \u00eenfr\u0103\u021bite \/ Connected with our twin regions Contribu\u021bie periodic\u0103 la website-ul \u0219i pagina de FB a Centrului Europe Direct Maramure\u0219, prin inserarea unei rubrici dedicate cooper\u0103rii cu regiunile \u00eenfr\u0103\u021bite. II. Sarcina nr. 4: \u201dUE \u00een \u0219coli\u201d Promovarea tematicilor prioritare europene [&hellip;]<\/p>\n","protected":false},"author":1,"featured_media":0,"parent":297,"menu_order":3,"comment_status":"open","ping_status":"closed","template":"elementor_header_footer","meta":{"footnotes":""},"class_list":["post-1376","page","type-page","status-publish","hentry"],"_links":{"self":[{"href":"https:\/\/europedirectmaramures.cdimm.org\/index.php?rest_route=\/wp\/v2\/pages\/1376","targetHints":{"allow":["GET"]}}],"collection":[{"href":"https:\/\/europedirectmaramures.cdimm.org\/index.php?rest_route=\/wp\/v2\/pages"}],"about":[{"href":"https:\/\/europedirectmaramures.cdimm.org\/index.php?rest_route=\/wp\/v2\/types\/page"}],"author":[{"embeddable":true,"href":"https:\/\/europedirectmaramures.cdimm.org\/index.php?rest_route=\/wp\/v2\/users\/1"}],"replies":[{"embeddable":true,"href":"https:\/\/europedirectmaramures.cdimm.org\/index.php?rest_route=%2Fwp%2Fv2%2Fcomments&post=1376"}],"version-history":[{"count":26,"href":"https:\/\/europedirectmaramures.cdimm.org\/index.php?rest_route=\/wp\/v2\/pages\/1376\/revisions"}],"predecessor-version":[{"id":4804,"href":"https:\/\/europedirectmaramures.cdimm.org\/index.php?rest_route=\/wp\/v2\/pages\/1376\/revisions\/4804"}],"up":[{"embeddable":true,"href":"https:\/\/europedirectmaramures.cdimm.org\/index.php?rest_route=\/wp\/v2\/pages\/297"}],"wp:attachment":[{"href":"https:\/\/europedirectmaramures.cdimm.org\/index.php?rest_route=%2Fwp%2Fv2%2Fmedia&parent=1376"}],"curies":[{"name":"wp","href":"https:\/\/api.w.org\/{rel}","templated":true}]}}